{"id":11667,"date":"2019-11-26T11:26:43","date_gmt":"2019-11-26T10:26:43","guid":{"rendered":"https:\/\/dcv-books.com\/produkt\/weltkulturerbe-voelklinger-huette-1999-2019\/"},"modified":"2021-05-03T16:44:24","modified_gmt":"2021-05-03T14:44:24","slug":"weltkulturerbe-voelklinger-huette-1999-2019","status":"publish","type":"product","link":"https:\/\/dcv-books.com\/en\/produkt\/weltkulturerbe-voelklinger-huette-1999-2019\/","title":{"rendered":"Weltkulturerbe V\u00f6lklinger H\u00fctte 1999 \u2013 2019"},"content":{"rendered":"","protected":false},"excerpt":{"rendered":"<p class=\"introzeile-buecher\">Die Geschichte einer neuen Industriekultur<\/p>\n<p>Die V\u00f6lklinger Hu\u0308tte geh\u00f6rt zu den wichtigsten Industriedenkm\u00e4lern der Welt. Mit herausragenden Ausstellungen und Veranstaltungen ist das Kulturprojekt weit \u00fcber die Grenzen des Saarlands hinaus bekannt geworden. Der K\u00fcnstler Ottmar H\u00f6rl konzipierte hier sein gro\u00dfangelegtes Skulpturenprojekt <em>100 Arbeiter<\/em> und Christian Boltanskis Installation in der Sinteranlage wurde zum hochemotionalen Erinnerungsort fu\u0308r die hier verpflichteten Zwangsarbeiter. Noch bis zum Jahr 1986 war die V\u00f6lklinger Eisenh\u00fctte in Betrieb und wurde 1994 als erstes Industriekulturdenkmal aus der Hochphase der Industrialisierung in die renommierte Liste des UNESCO-Weltkulturerbes aufgenommen. Das Buch zum 25. Jubil\u00e4um dieser Auszeichnung zeigt die vielf\u00e4ltigen und eindrucksvollen Aufnahmen einer Transformation \u2013 vom gr\u00f6\u00dften Schrotthaufen Europas zum Begnungszentrum der Menschen mit der Kunst. Es dokumentiert die gelungene Umstrukturierung einer hochproduktiven Eisenverh\u00fcttungsst\u00e4tte zu einem Ort f\u00fcr Kultur im 21. Jahrhundert.<\/p>\n","protected":false},"featured_media":1983,"template":"","meta":{"_acf_changed":false},"product_brand":[],"product_cat":[2208,2209,2218,2211],"product_tag":[],"class_list":{"0":"post-11667","1":"product","2":"type-product","3":"status-publish","4":"has-post-thumbnail","6":"product_cat-all-books","7":"product_cat-architecture","8":"product_cat-on-art","9":"product_cat-photography","11":"first","12":"outofstock","13":"taxable","14":"shipping-taxable","15":"purchasable","16":"product-type-simple"},"acf":[],"yoast_head":"<!-- This site is optimized with the Yoast SEO plugin v27.1.1 - https:\/\/yoast.com\/product\/yoast-seo-wordpress\/ -->\n<title>Weltkulturerbe V\u00f6lklinger H\u00fctte 1999 \u2013 2019 - DCV<\/title>\n<meta name=\"robots\" content=\"index, follow, max-snippet:-1, max-image-preview:large, max-video-preview:-1\" \/>\n<link rel=\"canonical\" href=\"https:\/\/dcv-books.com\/en\/produkt\/weltkulturerbe-voelklinger-huette-1999-2019\/\" \/>\n<meta property=\"og:locale\" content=\"en_US\" \/>\n<meta property=\"og:type\" content=\"article\" \/>\n<meta property=\"og:title\" content=\"Weltkulturerbe V\u00f6lklinger H\u00fctte 1999 \u2013 2019 - DCV\" \/>\n<meta property=\"og:description\" content=\"Die Geschichte einer neuen Industriekultur Die V\u00f6lklinger Hu\u0308tte geh\u00f6rt zu den wichtigsten Industriedenkm\u00e4lern der Welt. Mit herausragenden Ausstellungen und Veranstaltungen ist das Kulturprojekt weit \u00fcber die Grenzen des Saarlands hinaus bekannt geworden. Der K\u00fcnstler Ottmar H\u00f6rl konzipierte hier sein gro\u00dfangelegtes Skulpturenprojekt 100 Arbeiter und Christian Boltanskis Installation in der Sinteranlage wurde zum hochemotionalen Erinnerungsort fu\u0308r die hier verpflichteten Zwangsarbeiter. Noch bis zum Jahr 1986 war die V\u00f6lklinger Eisenh\u00fctte in Betrieb und wurde 1994 als erstes Industriekulturdenkmal aus der Hochphase der Industrialisierung in die renommierte Liste des UNESCO-Weltkulturerbes aufgenommen. Das Buch zum 25. Jubil\u00e4um dieser Auszeichnung zeigt die vielf\u00e4ltigen und eindrucksvollen Aufnahmen einer Transformation \u2013 vom gr\u00f6\u00dften Schrotthaufen Europas zum Begnungszentrum der Menschen mit der Kunst. Es dokumentiert die gelungene Umstrukturierung einer hochproduktiven Eisenverh\u00fcttungsst\u00e4tte zu einem Ort f\u00fcr Kultur im 21. Jahrhundert.\" \/>\n<meta property=\"og:url\" content=\"https:\/\/dcv-books.com\/en\/produkt\/weltkulturerbe-voelklinger-huette-1999-2019\/\" \/>\n<meta property=\"og:site_name\" content=\"DCV\" \/>\n<meta property=\"article:modified_time\" content=\"2021-05-03T14:44:24+00:00\" \/>\n<meta property=\"og:image\" content=\"https:\/\/dcv-books.com\/wp-content\/uploads\/2019\/12\/Cover_WKE20Jahre_framed-e1589724682901.jpg\" \/>\n\t<meta property=\"og:image:width\" content=\"1710\" \/>\n\t<meta property=\"og:image:height\" content=\"1986\" \/>\n\t<meta property=\"og:image:type\" content=\"image\/jpeg\" \/>\n<meta name=\"twitter:card\" content=\"summary_large_image\" \/>\n<script type=\"application\/ld+json\" class=\"yoast-schema-graph\">{\"@context\":\"https:\/\/schema.org\",\"@graph\":[{\"@type\":\"WebPage\",\"@id\":\"https:\/\/dcv-books.com\/en\/produkt\/weltkulturerbe-voelklinger-huette-1999-2019\/\",\"url\":\"https:\/\/dcv-books.com\/en\/produkt\/weltkulturerbe-voelklinger-huette-1999-2019\/\",\"name\":\"Weltkulturerbe V\u00f6lklinger H\u00fctte 1999 \u2013 2019 - DCV\",\"isPartOf\":{\"@id\":\"https:\/\/dcv-books.com\/#website\"},\"primaryImageOfPage\":{\"@id\":\"https:\/\/dcv-books.com\/en\/produkt\/weltkulturerbe-voelklinger-huette-1999-2019\/#primaryimage\"},\"image\":{\"@id\":\"https:\/\/dcv-books.com\/en\/produkt\/weltkulturerbe-voelklinger-huette-1999-2019\/#primaryimage\"},\"thumbnailUrl\":\"https:\/\/dcv-books.com\/wp-content\/uploads\/2019\/12\/Cover_WKE20Jahre_framed-e1589724682901.jpg\",\"datePublished\":\"2019-11-26T10:26:43+00:00\",\"dateModified\":\"2021-05-03T14:44:24+00:00\",\"breadcrumb\":{\"@id\":\"https:\/\/dcv-books.com\/en\/produkt\/weltkulturerbe-voelklinger-huette-1999-2019\/#breadcrumb\"},\"inLanguage\":\"en-US\",\"potentialAction\":[{\"@type\":\"ReadAction\",\"target\":[\"https:\/\/dcv-books.com\/en\/produkt\/weltkulturerbe-voelklinger-huette-1999-2019\/\"]}]},{\"@type\":\"ImageObject\",\"inLanguage\":\"en-US\",\"@id\":\"https:\/\/dcv-books.com\/en\/produkt\/weltkulturerbe-voelklinger-huette-1999-2019\/#primaryimage\",\"url\":\"https:\/\/dcv-books.com\/wp-content\/uploads\/2019\/12\/Cover_WKE20Jahre_framed-e1589724682901.jpg\",\"contentUrl\":\"https:\/\/dcv-books.com\/wp-content\/uploads\/2019\/12\/Cover_WKE20Jahre_framed-e1589724682901.jpg\",\"width\":1710,\"height\":1986},{\"@type\":\"BreadcrumbList\",\"@id\":\"https:\/\/dcv-books.com\/en\/produkt\/weltkulturerbe-voelklinger-huette-1999-2019\/#breadcrumb\",\"itemListElement\":[{\"@type\":\"ListItem\",\"position\":1,\"name\":\"Startseite\",\"item\":\"https:\/\/dcv-books.com\/en\/\"},{\"@type\":\"ListItem\",\"position\":2,\"name\":\"Weltkulturerbe V\u00f6lklinger H\u00fctte 1999 \u2013 2019\"}]},{\"@type\":\"WebSite\",\"@id\":\"https:\/\/dcv-books.com\/#website\",\"url\":\"https:\/\/dcv-books.com\/\",\"name\":\"DCV\",\"description\":\"Dr. Cantz&#039;sche Verlagsgesellschaft mbH &amp; Co. KG\",\"potentialAction\":[{\"@type\":\"SearchAction\",\"target\":{\"@type\":\"EntryPoint\",\"urlTemplate\":\"https:\/\/dcv-books.com\/?s={search_term_string}\"},\"query-input\":{\"@type\":\"PropertyValueSpecification\",\"valueRequired\":true,\"valueName\":\"search_term_string\"}}],\"inLanguage\":\"en-US\"}]}<\/script>\n<!-- \/ Yoast SEO plugin. -->","yoast_head_json":{"title":"Weltkulturerbe V\u00f6lklinger H\u00fctte 1999 \u2013 2019 - DCV","robots":{"index":"index","follow":"follow","max-snippet":"max-snippet:-1","max-image-preview":"max-image-preview:large","max-video-preview":"max-video-preview:-1"},"canonical":"https:\/\/dcv-books.com\/en\/produkt\/weltkulturerbe-voelklinger-huette-1999-2019\/","og_locale":"en_US","og_type":"article","og_title":"Weltkulturerbe V\u00f6lklinger H\u00fctte 1999 \u2013 2019 - DCV","og_description":"Die Geschichte einer neuen Industriekultur Die V\u00f6lklinger Hu\u0308tte geh\u00f6rt zu den wichtigsten Industriedenkm\u00e4lern der Welt. Mit herausragenden Ausstellungen und Veranstaltungen ist das Kulturprojekt weit \u00fcber die Grenzen des Saarlands hinaus bekannt geworden. Der K\u00fcnstler Ottmar H\u00f6rl konzipierte hier sein gro\u00dfangelegtes Skulpturenprojekt 100 Arbeiter und Christian Boltanskis Installation in der Sinteranlage wurde zum hochemotionalen Erinnerungsort fu\u0308r die hier verpflichteten Zwangsarbeiter. Noch bis zum Jahr 1986 war die V\u00f6lklinger Eisenh\u00fctte in Betrieb und wurde 1994 als erstes Industriekulturdenkmal aus der Hochphase der Industrialisierung in die renommierte Liste des UNESCO-Weltkulturerbes aufgenommen. Das Buch zum 25. Jubil\u00e4um dieser Auszeichnung zeigt die vielf\u00e4ltigen und eindrucksvollen Aufnahmen einer Transformation \u2013 vom gr\u00f6\u00dften Schrotthaufen Europas zum Begnungszentrum der Menschen mit der Kunst. Es dokumentiert die gelungene Umstrukturierung einer hochproduktiven Eisenverh\u00fcttungsst\u00e4tte zu einem Ort f\u00fcr Kultur im 21. Jahrhundert.","og_url":"https:\/\/dcv-books.com\/en\/produkt\/weltkulturerbe-voelklinger-huette-1999-2019\/","og_site_name":"DCV","article_modified_time":"2021-05-03T14:44:24+00:00","og_image":[{"width":1710,"height":1986,"url":"https:\/\/dcv-books.com\/wp-content\/uploads\/2019\/12\/Cover_WKE20Jahre_framed-e1589724682901.jpg","type":"image\/jpeg"}],"twitter_card":"summary_large_image","schema":{"@context":"https:\/\/schema.org","@graph":[{"@type":"WebPage","@id":"https:\/\/dcv-books.com\/en\/produkt\/weltkulturerbe-voelklinger-huette-1999-2019\/","url":"https:\/\/dcv-books.com\/en\/produkt\/weltkulturerbe-voelklinger-huette-1999-2019\/","name":"Weltkulturerbe V\u00f6lklinger H\u00fctte 1999 \u2013 2019 - DCV","isPartOf":{"@id":"https:\/\/dcv-books.com\/#website"},"primaryImageOfPage":{"@id":"https:\/\/dcv-books.com\/en\/produkt\/weltkulturerbe-voelklinger-huette-1999-2019\/#primaryimage"},"image":{"@id":"https:\/\/dcv-books.com\/en\/produkt\/weltkulturerbe-voelklinger-huette-1999-2019\/#primaryimage"},"thumbnailUrl":"https:\/\/dcv-books.com\/wp-content\/uploads\/2019\/12\/Cover_WKE20Jahre_framed-e1589724682901.jpg","datePublished":"2019-11-26T10:26:43+00:00","dateModified":"2021-05-03T14:44:24+00:00","breadcrumb":{"@id":"https:\/\/dcv-books.com\/en\/produkt\/weltkulturerbe-voelklinger-huette-1999-2019\/#breadcrumb"},"inLanguage":"en-US","potentialAction":[{"@type":"ReadAction","target":["https:\/\/dcv-books.com\/en\/produkt\/weltkulturerbe-voelklinger-huette-1999-2019\/"]}]},{"@type":"ImageObject","inLanguage":"en-US","@id":"https:\/\/dcv-books.com\/en\/produkt\/weltkulturerbe-voelklinger-huette-1999-2019\/#primaryimage","url":"https:\/\/dcv-books.com\/wp-content\/uploads\/2019\/12\/Cover_WKE20Jahre_framed-e1589724682901.jpg","contentUrl":"https:\/\/dcv-books.com\/wp-content\/uploads\/2019\/12\/Cover_WKE20Jahre_framed-e1589724682901.jpg","width":1710,"height":1986},{"@type":"BreadcrumbList","@id":"https:\/\/dcv-books.com\/en\/produkt\/weltkulturerbe-voelklinger-huette-1999-2019\/#breadcrumb","itemListElement":[{"@type":"ListItem","position":1,"name":"Startseite","item":"https:\/\/dcv-books.com\/en\/"},{"@type":"ListItem","position":2,"name":"Weltkulturerbe V\u00f6lklinger H\u00fctte 1999 \u2013 2019"}]},{"@type":"WebSite","@id":"https:\/\/dcv-books.com\/#website","url":"https:\/\/dcv-books.com\/","name":"DCV","description":"Dr. Cantz&#039;sche Verlagsgesellschaft mbH &amp; Co. KG","potentialAction":[{"@type":"SearchAction","target":{"@type":"EntryPoint","urlTemplate":"https:\/\/dcv-books.com\/?s={search_term_string}"},"query-input":{"@type":"PropertyValueSpecification","valueRequired":true,"valueName":"search_term_string"}}],"inLanguage":"en-US"}]}},"_links":{"self":[{"href":"https:\/\/dcv-books.com\/en\/wp-json\/wp\/v2\/product\/11667","targetHints":{"allow":["GET"]}}],"collection":[{"href":"https:\/\/dcv-books.com\/en\/wp-json\/wp\/v2\/product"}],"about":[{"href":"https:\/\/dcv-books.com\/en\/wp-json\/wp\/v2\/types\/product"}],"wp:featuredmedia":[{"embeddable":true,"href":"https:\/\/dcv-books.com\/en\/wp-json\/wp\/v2\/media\/1983"}],"wp:attachment":[{"href":"https:\/\/dcv-books.com\/en\/wp-json\/wp\/v2\/media?parent=11667"}],"wp:term":[{"taxonomy":"product_brand","embeddable":true,"href":"https:\/\/dcv-books.com\/en\/wp-json\/wp\/v2\/product_brand?post=11667"},{"taxonomy":"product_cat","embeddable":true,"href":"https:\/\/dcv-books.com\/en\/wp-json\/wp\/v2\/product_cat?post=11667"},{"taxonomy":"product_tag","embeddable":true,"href":"https:\/\/dcv-books.com\/en\/wp-json\/wp\/v2\/product_tag?post=11667"}],"curies":[{"name":"wp","href":"https:\/\/api.w.org\/{rel}","templated":true}]}}

Weltkulturerbe Völklinger Hütte 1999 – 2019

<p class="introzeile-buecher">Die Geschichte einer neuen Industriekultur</p>
<p>Die Völklinger Hütte gehört zu den wichtigsten Industriedenkmälern der Welt. Mit herausragenden Ausstellungen und Veranstaltungen ist das Kulturprojekt weit über die Grenzen des Saarlands hinaus bekannt geworden. Der Künstler Ottmar Hörl konzipierte hier sein großangelegtes Skulpturenprojekt <em>100 Arbeiter</em> und Christian Boltanskis Installation in der Sinteranlage wurde zum hochemotionalen Erinnerungsort für die hier verpflichteten Zwangsarbeiter. Noch bis zum Jahr 1986 war die Völklinger Eisenhütte in Betrieb und wurde 1994 als erstes Industriekulturdenkmal aus der Hochphase der Industrialisierung in die renommierte Liste des UNESCO-Weltkulturerbes aufgenommen. Das Buch zum 25. Jubiläum dieser Auszeichnung zeigt die vielfältigen und eindrucksvollen Aufnahmen einer Transformation – vom größten Schrotthaufen Europas zum Begnungszentrum der Menschen mit der Kunst. Es dokumentiert die gelungene Umstrukturierung einer hochproduktiven Eisenverhüttungsstätte zu einem Ort für Kultur im 21. Jahrhundert.</p>

<!-- This site is optimized with the Yoast SEO plugin v27.1.1 - https://yoast.com/product/yoast-seo-wordpress/ -->
<title>Weltkulturerbe Völklinger Hütte 1999 – 2019 - DCV</title>
<meta name="robots" content="index, follow, max-snippet:-1, max-image-preview:large, max-video-preview:-1" />
<link rel="canonical" href="https://dcv-books.com/en/produkt/weltkulturerbe-voelklinger-huette-1999-2019/" />
<meta property="og:locale" content="en_US" />
<meta property="og:type" content="article" />
<meta property="og:title" content="Weltkulturerbe Völklinger Hütte 1999 – 2019 - DCV" />
<meta property="og:description" content="Die Geschichte einer neuen Industriekultur Die Völklinger Hütte gehört zu den wichtigsten Industriedenkmälern der Welt. Mit herausragenden Ausstellungen und Veranstaltungen ist das Kulturprojekt weit über die Grenzen des Saarlands hinaus bekannt geworden. Der Künstler Ottmar Hörl konzipierte hier sein großangelegtes Skulpturenprojekt 100 Arbeiter und Christian Boltanskis Installation in der Sinteranlage wurde zum hochemotionalen Erinnerungsort für die hier verpflichteten Zwangsarbeiter. Noch bis zum Jahr 1986 war die Völklinger Eisenhütte in Betrieb und wurde 1994 als erstes Industriekulturdenkmal aus der Hochphase der Industrialisierung in die renommierte Liste des UNESCO-Weltkulturerbes aufgenommen. Das Buch zum 25. Jubiläum dieser Auszeichnung zeigt die vielfältigen und eindrucksvollen Aufnahmen einer Transformation – vom größten Schrotthaufen Europas zum Begnungszentrum der Menschen mit der Kunst. Es dokumentiert die gelungene Umstrukturierung einer hochproduktiven Eisenverhüttungsstätte zu einem Ort für Kultur im 21. Jahrhundert." />
<meta property="og:url" content="https://dcv-books.com/en/produkt/weltkulturerbe-voelklinger-huette-1999-2019/" />
<meta property="og:site_name" content="DCV" />
<meta property="article:modified_time" content="2021-05-03T14:44:24+00:00" />
<meta property="og:image" content="https://dcv-books.com/wp-content/uploads/2019/12/Cover_WKE20Jahre_framed-e1589724682901.jpg" />
	<meta property="og:image:width" content="1710" />
	<meta property="og:image:height" content="1986" />
	<meta property="og:image:type" content="image/jpeg" />
<meta name="twitter:card" content="summary_large_image" />
<script type="application/ld+json" class="yoast-schema-graph">{"@context":"https://schema.org","@graph":[{"@type":"WebPage","@id":"https://dcv-books.com/en/produkt/weltkulturerbe-voelklinger-huette-1999-2019/","url":"https://dcv-books.com/en/produkt/weltkulturerbe-voelklinger-huette-1999-2019/","name":"Weltkulturerbe Völklinger Hütte 1999 – 2019 - DCV","isPartOf":{"@id":"https://dcv-books.com/#website"},"primaryImageOfPage":{"@id":"https://dcv-books.com/en/produkt/weltkulturerbe-voelklinger-huette-1999-2019/#primaryimage"},"image":{"@id":"https://dcv-books.com/en/produkt/weltkulturerbe-voelklinger-huette-1999-2019/#primaryimage"},"thumbnailUrl":"https://dcv-books.com/wp-content/uploads/2019/12/Cover_WKE20Jahre_framed-e1589724682901.jpg","datePublished":"2019-11-26T10:26:43+00:00","dateModified":"2021-05-03T14:44:24+00:00","breadcrumb":{"@id":"https://dcv-books.com/en/produkt/weltkulturerbe-voelklinger-huette-1999-2019/#breadcrumb"},"inLanguage":"en-US","potentialAction":[{"@type":"ReadAction","target":["https://dcv-books.com/en/produkt/weltkulturerbe-voelklinger-huette-1999-2019/"]}]},{"@type":"ImageObject","inLanguage":"en-US","@id":"https://dcv-books.com/en/produkt/weltkulturerbe-voelklinger-huette-1999-2019/#primaryimage","url":"https://dcv-books.com/wp-content/uploads/2019/12/Cover_WKE20Jahre_framed-e1589724682901.jpg","contentUrl":"https://dcv-books.com/wp-content/uploads/2019/12/Cover_WKE20Jahre_framed-e1589724682901.jpg","width":1710,"height":1986},{"@type":"BreadcrumbList","@id":"https://dcv-books.com/en/produkt/weltkulturerbe-voelklinger-huette-1999-2019/#breadcrumb","itemListElement":[{"@type":"ListItem","position":1,"name":"Startseite","item":"https://dcv-books.com/en/"},{"@type":"ListItem","position":2,"name":"Weltkulturerbe Völklinger Hütte 1999 – 2019"}]},{"@type":"WebSite","@id":"https://dcv-books.com/#website","url":"https://dcv-books.com/","name":"DCV","description":"Dr. Cantz&#039;sche Verlagsgesellschaft mbH &amp; Co. KG","potentialAction":[{"@type":"SearchAction","target":{"@type":"EntryPoint","urlTemplate":"https://dcv-books.com/?s={search_term_string}"},"query-input":{"@type":"PropertyValueSpecification","valueRequired":true,"valueName":"search_term_string"}}],"inLanguage":"en-US"}]}</script>
<!-- / Yoast SEO plugin. -->

Weltkulturerbe Völklinger Hütte 1999 – 2019 - DCV

Die Geschichte einer neuen Industriekultur Die Völklinger Hütte gehört zu den wichtigsten Industriedenkmälern der Welt. Mit herausragenden Ausstellungen und Veranstaltungen ist das Kulturprojekt weit über die Grenzen des Saarlands hinaus bekannt geworden. Der Künstler Ottmar Hörl konzipierte hier sein großangelegtes Skulpturenprojekt 100 Arbeiter und Christian Boltanskis Installation in der Sinteranlage wurde zum hochemotionalen Erinnerungsort für die hier verpflichteten Zwangsarbeiter. Noch bis zum Jahr 1986 war die Völklinger Eisenhütte in Betrieb und wurde 1994 als erstes Industriekulturdenkmal aus der Hochphase der Industrialisierung in die renommierte Liste des UNESCO-Weltkulturerbes aufgenommen. Das Buch zum 25. Jubiläum dieser Auszeichnung zeigt die vielfältigen und eindrucksvollen Aufnahmen einer Transformation – vom größten Schrotthaufen Europas zum Begnungszentrum der Menschen mit der Kunst. Es dokumentiert die gelungene Umstrukturierung einer hochproduktiven Eisenverhüttungsstätte zu einem Ort für Kultur im 21. Jahrhundert.
